 4*h - 1840 = 0. What are the prime factors of t?
2, 7, 11
Let g be 8772/21 + (-6)/(-21). Let a = 633 - g. Suppose i - a = -5*q, 3*q - 129 = -8*i + 4*i. What are the prime factors of q?
43
Suppose -4*n + n + 6 = 0. Let o(w) = -n*w + 1 + 1 + w + 0. List the prime factors of o(-9).
11
Let i(y) = 11*y**3 - 7*y**2 + 14*y + 51. Let f(o) = 5*o**3 - 4*o**2 + 7*o + 25. Let d(j) = 13*f(j) - 6*i(j). List the prime factors of d(-11).
3, 7
Let p be -5*(-33 + 6)*2/10. Let t be 105/(-9) + 2/(-6). Let w = t + p. List the prime factors of w.
3, 5
Let c(n) = 2*n**2 - 3*n. Let y = 1 + 1. Let x be c(y). Suppose -x*z + 36 = 14. List the prime factors of z.
11
Suppose -19 = -4*j - 4*h + 5*h, -4*j + 5*h = -31. Suppose -3*b = -0*b - 6. Suppose 5 = -j*x + 25, 3*y - 8 = b*x. What are the prime factors of y?
2, 3
Let b(y) be the second derivative of -y**5/10 - y**4/4 + y**3/6 + y**2 + 2*y. Suppose -t + u - 2 = 2*t, 5*t + 26 = -4*u. List the prime factors of b(t).
2
What are the prime factors of ((-182)/(-3))/((-56)/(-84))?
7, 13
Let z(f) = -148*f + 353. List the prime factors of z(-23).
13, 17
Let x(m) = 46*m + 77. What are the prime factors of x(12)?
17, 37
Let q = 119 + 225. Suppose 0 = -2*i + q - 40. What are the prime factors of i?
2, 19
Suppose -4*u + 1 = -31. Suppose u*x - 22 = 6*x. List the prime factors of x.
11
Suppose 2*o = -t + 10, 2*t = 3*o + 2*o - 7. Let b = -222 + 220. What are the prime factors of (4 - b) + (t - 4)?
2, 3
Let o = -12 - -677. Let h = o - 449. List the prime factors of h.
2, 3
Let n(j) = j + 15. Let y be n(-15). Suppose -4*l + 8*l + 3*q - 81 = y, -3*q = -5*l + 81. List the prime factors of l.
2, 3
Let a(z) = -434*z - 174. What are the prime factors of a(-4)?
2, 11, 71
Let r = 9 + 68. Let j(h) = -h**3 - 14*h**2 + 13*h + 12. Let w be j(-15). What are the prime factors of (r + 1)*14/w?
2, 13
Let v = 17 - 15. Suppose 0 = -3*x - 2*r - r - 45, v*r = 0. Let z(h) = h**3 + 14*h**2 - 16*h - 10. List the prime factors of z(x).
5
Suppose 4*q + d = 6, 5*q + d - 6 = -d. List the prime factors of ((-107)/2)/(1 - 3/q).
107
Let m = -26 + 23. What are the prime factors of -1 - (27 - m)/(2/(-5))?
2, 37
Suppose -9*k = -0*k - 12780. Suppose 9*j - 14*j + k = 0. What are the prime factors of j?
2, 71
Let a be -4*4*(-1)/2. Suppose -4*h = -a, 4*h + 80 = i + 2*h. List the prime factors of i.
2, 3, 7
What are the prime factors of 3480/9*12/10?
2, 29
Let i(t) = 12*t + 2. Suppose -4*x - 2*g + 28 = 0, 0*x - 2*g - 17 = -5*x. Suppose 3*k - 10 = x. List the prime factors of i(k).
2, 31
Suppose 5*x - 912 = 3*x. Suppose -98 - x = -2*m. List the prime factors of m.
277
Let u(c) = c**3 + c**2 - c - 1. Let o be u(1). Suppose -2*q - q = o. Suppose 0*m - 4*m + 112 = q. What are the prime factors of m?
2, 7
Suppose -2*q = 2*q + v - 10121, 5*q - 3*v - 12647 = 0. List the prime factors of q.
2, 5, 11, 23
Suppose 2*f = -f, v - 94 = -f. Let m = -162 - -100. Let x = m + v. What are the prime factors of x?
2
Suppose w = 5*j - 522, -w = -3*j + 7*j - 414. List the prime factors of j.
2, 13
Let o(u) = 5*u - 2*u + 5 - 5*u + u. Let c be o(0). Suppose 30 + 75 = c*l. What are the prime factors of l?
3, 7
Let f(a) = 2*a**2 + a - 6. Let x be f(3). List the prime factors of (x/2)/((68/(-72))/(-17)).
3, 5
Let m(v) be the first derivative of -v**4/12 + v**3 - 3*v**2/2 + 1. Let x(j) be the second derivative of m(j). What are the prime factors of x(-7)?
2, 5
Let x = 229 - 204. Suppose 16 = -2*a - 4. Let v = x - a. What are the prime factors of v?
5, 7
Suppose q + 2*y - 13 = 0, 4*q + 5*y - 31 - 6 = 0. Suppose q*p = -2*p - 135. Let i = -6 - p. List the prime factors of i.
3, 7
Let z be 24/(-18)*(-9)/6. Suppose 0 = z*m - 10. Suppose 5*p = m*k + 105, -2*p + k = p - 53. What are the prime factors of p?
2
Let l be -4 + (-6)/15 + (-240)/25. What are the prime factors of l/(-567)*9 + (-376)/(-9)?
2, 3, 7
Let p(l) = 21*l**3 + 3*l**2 + 30*l - 113. List the prime factors of p(4).
1399
Let w = 29 + 15. Suppose 0*s + s = -w. Let x = s + 62. What are the prime factors of x?
2, 3
Let v = 212 - -209. List the prime factors of v.
421
Let h = 74 - 112. Let r be (-24)/(-11) + h/209. Suppose r*k = 4*i - 15 - 61, 0 = -4*k + 16. List the prime factors of i.
3, 7
Let u(s) = -37*s - 17. Let j be u(-3). Suppose 0 = 3*d - j - 29. What are the prime factors of d?
41
Let l(g) = -2*g**2 - 1 - g**3 - 6*g + 4 + 2*g - 9*g**2. What are the prime factors of l(-11)?
47
Suppose 1908 + 142 = 10*s. Suppose -3*p = 2*p - s. List the prime factors of p.
41
Let x be 1 - (-20)/(-4) - -29. Let v = x + -27. List the prime factors of ((-280)/(-16))/(v/(-4)).
5, 7
Let q(d) be the second derivative of d**3/2 - 3*d**2/2 + 6*d. Let v be q(3). Suppose 44 = -4*j + v*j. List the prime factors of j.
2, 11
Let k(a) = -a**2 + 1 - 2*a + 2*a**2 + 0*a + 0*a. What are the prime factors of k(-7)?
2
Suppose a - 3136 = -5*z + 8*z, -3*a - 3*z + 9408 = 0. What are the prime factors of a?
2, 7
Suppose -183*w - 705 = -198*w. What are the prime factors of w?
47
Let z(g) = 27*g + 5. Let a(t) = -54*t - 11. Let q(x) = 6*a(x) + 11*z(x). List the prime factors of q(-4).
97
Let z(h) = -h**3 + 24*h**2 + 55*h - 71. List the prime factors of z(26).
7
Let f(r) = -r**2 + 8*r - 1. Let p be f(7). List the prime factors of (p/(-8) - -1) + (-8645)/(-76).
2, 3, 19
Let d(c) = c**2 + 13*c + 14. Let l be d(-12). Suppose -l*h + 292 = 96. What are the prime factors of h?
2, 7
Let j(w) = -w**3 - 14*w**2 + 16*w + 21. Let b be j(-15). Let g(r) = -199*r + 14. Let v be g(b). List the prime factors of v/(-28) - (-2)/(-14).
2, 3, 7
Let q = -640 - -741. List the prime factors of q.
101
Let h be ((-5)/5*3)/(-1). Let p(x) = -2*x**2 - x + 7. Let d be p(h). Let k(q) = -q**3 - 15*q**2 - 20*q - 5. What are the prime factors of k(d)?
79
What are the prime factors of 5/10*1450/((-1)/(-1))?
5, 29
Let v(o) be the third derivative of -o**6/120 - o**5/12 + o**4/6 - 4*o**3/3 + 2*o**2. Let a = -2 - 4. List the prime factors of v(a).
2
Let u(f) = 4 + 5 + 29*f - 60*f - f**2. List the prime factors of u(-28).
3, 31
Let w = -211 + 431. What are the prime factors of w?
2, 5, 11
Suppose 0 = 10*p - 2289 - 2811. List the prime factors of p.
2, 3, 5, 17
Suppose -2*b + 2199 = g - 1911, -4*b = -4*g + 16404. What are the prime factors of g?
2, 3, 19
Let x(a) = -12*a**3 + a**2 - a + 4. Let g be x(-4). Suppose -35*n = -27*n - g. List the prime factors of n.
3, 11
Let q(b) = 6*b**2 - 5 - 1 - 2 - 7*b + 3. List the prime factors of q(-4).
7, 17
Let o = -264 - -171. What are the prime factors of (-1 - 0)/(3/o)?
31
Let u(i) = 2*i**2 - 8*i - 1. Let k = 21 - 14. List the prime factors of u(k).
41
Let t = -280 + 437. What are the prime factors of t?
157
Let c(i) = -12*i + 19. Let f be c(-14). Suppose 5*h = -7 + f. Suppose h = 2*k + k. List the prime factors of k.
2, 3
Let l = 1 - -3. Suppose 4*x = -w - 116, 32 = -2*x + l*w - 8. Let p = x + 48. What are the prime factors of p?
2, 5
Suppose 3*a - q + 7 = 44, 25 = 2*a - q. Let p be (0 - -2)/(2/a). Suppose p = -0*b + 2*b. What are the prime factors of b?
2, 3
Suppose 5*v - 2*h = 80, -3*h - 4 = -v - 5*h. Let t(q) = -q**2 + 13*q + 11. Let w be t(v). List the prime factors of -3 + 12 + w + 7.
13
Let f = -655 - -403. Let y = f - -432. What are the prime factors of y?
2, 3, 5
Let k(j) = 166*j**3 - 8*j**2 + 14*j - 1. What are the prime factors of k(2)?
3, 7
Let x = 2 - 0. Suppose -5 = 6*s - 65. List the prime factors of (x - s)*4/(-2).
2
Let w(s) = 3*s**2 + s. Let l be w(1). Suppose 22 = 5*f + i, l*f + 5*i = 4 + 1. Suppose 117 = f*n - 2*d - 0*d, 5*d = n - 5. What are the prime factors of n?
5
Let j = 0 + 109. Let u = 215 - j. List the prime factors of u.
2, 53
Let c be -3 + 1 + 0/11. What are the prime factors of 24*c/(-18)*6?
2
Let o = -20 + 23. Suppose -9 + 30 = o*w. Let p(t) = -t**3 + 7*t**2 + 4*t - 8. List the prime factors of p(w).
2, 5
Let s = 2223 + -896. What are the prime factors of s?
1327
What are the prime factors of (-72)/(-8) - (7 - 2296)?
2, 3, 383
Suppose t + 12 = 2*j, 3*j = -0*t - 5*t + 5. Suppose -j*r - 5*v + 160 = 0, 0 = -3*r - 6*v + v + 106. What are the prime factors of r?
3
Let c = 1535 - 1038. What are the prime factors of c?
7, 71
Let x = 184 + -323. Let k = x - -25. List the prime factors of ((-2)/(-6))/((-2)/k).
19
Suppose -4*a + 5 = -3. Suppose 0 = a*t - 0*t 